{"id":1098,"date":"2025-05-03T12:32:55","date_gmt":"2025-05-03T10:32:55","guid":{"rendered":"https:\/\/santamariaesansiro.it\/web\/?page_id=1098"},"modified":"2025-05-03T12:32:55","modified_gmt":"2025-05-03T10:32:55","slug":"mercatino-della-solidarieta-04-12-2021","status":"publish","type":"page","link":"https:\/\/santamariaesansiro.it\/web\/eventi\/archivio\/mercatino-della-solidarieta-04-12-2021\/","title":{"rendered":"Mercatino della solidariet\u00e0 &#8211; 04.12.2021"},"content":{"rendered":"<div class=\"wpb-content-wrapper\"><p>[vc_row lg_spacing=&#8221;padding_top:50&#8243; md_spacing=&#8221;padding_top:30&#8243; sm_spacing=&#8221;padding_top:20&#8243;][vc_column][vc_column_text]Dopo la forzata sospensione dello scorso anno 2020 \u00e8 ritornato sabatp 4 dicembre 2021 il Mercatino della Solidariet\u00e0. Questa iniziativa a cui il Comitato tiene molto, permette di conoscerle molteplici realt\u00e0 di volontariato presenti sul territorio operanti in settori diversi: sanitario, assistenziale, sociale, culturale. L&#8217;acquisto di piccoli oggetti per le prossime festivit\u00e0 natalizie potr\u00e0 aiutare le associazioni a continuare nel loro impegno. Abbiamo riscosso un forte interesse quest&#8217;anno e ben 19 associazioni sono state presenti con i loro gazebi lungo via Roma e in p.zza S. Maria ecco l&#8217;elenco delle associazioni.<\/p>\n<p>AIC &#8211; Sale<br \/>\nAIDO- Tortona<br \/>\nAISM Alessandria<br \/>\nAVIS &#8211; Sale<br \/>\nCROCE ROSSA &#8211; Castelnuovo S.<br \/>\nEXAGO &#8211; Tortona<br \/>\nFAI &#8211; Tortona<br \/>\nIRIS &#8211; Casalnoceto<br \/>\nLIONS Castello Tortona &#8211; Progetto acqua per la vita<br \/>\nLEPOS Coop. Soc. &#8211; Piovera<br \/>\nMINIFAL Tortona<br \/>\nOFTAL Castelnuovo S.<br \/>\nPANDORA Tortona<br \/>\nCONGREGAZIONE PICCOLE FIGLIE DEL SACRO CUORE DI GESU&#8217; (missione in Madagascar)- Sale<br \/>\nSUORE SACRAMENTINE IPOVEDENTI Tortona<br \/>\nSAN CARLO onlus Castelnuovo S<br \/>\nTENNIS CLUB SALE per l&#8217;Ospedale GASLINI<br \/>\nASS. ENRICO CUCCHI cure palliative &#8211; Tortona<br \/>\nANIMAL&#8217;S ANGEL- Novi L[\/vc_column_text][vc_single_image image=&#8221;1107&#8243; img_size=&#8221;large&#8221; css=&#8221;&#8221;][\/vc_column][\/vc_row]<\/p>\n<\/div>","protected":false},"excerpt":{"rendered":"[vc_row lg_spacing=&#8221;padding_top:50&#8243; md_spacing=&#8221;padding_top:30&#8243; sm_spacing=&#8221;padding_top:20&#8243;][vc_column][vc_column_text]Dopo la forzata sospensione dello scorso anno 2020 \u00e8 ritornato sabatp 4 dicembre 2021 il Mercatino della Solidariet\u00e0. Questa iniziativa a cui il Comitato tiene molto, permette di conoscerle molteplici realt\u00e0 di volontariato presenti sul territorio operanti in settori diversi: sanitario, assistenziale, sociale, culturale. L&#8217;acquisto di piccoli oggetti per le prossime festivit\u00e0 natalizie potr\u00e0 aiutare le associazioni a continuare nel loro impegno. Abbiamo riscosso un forte interesse quest&#8217;anno e ben 19 associazioni sono state presenti con i loro gazebi lungo via Roma e in p.zza S. Maria ecco l&#8217;elenco delle associazioni. AIC &#8211; Sale AIDO- Tortona AISM Alessandria AVIS &#8211; Sale CROCE ROSSA &#8211; Castelnuovo S. EXAGO &#8211; Tortona FAI &#8211; Tortona IRIS &#8211; Casalnoceto LIONS Castello Tortona &#8211; Progetto acqua per la vita LEPOS Coop. Soc. &#8211; Piovera MINIFAL Tortona OFTAL Castelnuovo S. PANDORA Tortona CONGREGAZIONE PICCOLE FIGLIE DEL SACRO CUORE DI GESU&#8217; (missione in Madagascar)- Sale SUORE SACRAMENTINE IPOVEDENTI Tortona SAN CARLO onlus Castelnuovo S TENNIS CLUB SALE per l&#8217;Ospedale GASLINI ASS. ENRICO CUCCHI cure palliative &#8211; Tortona ANIMAL&#8217;S ANGEL- Novi L[\/vc_column_text][vc_single_image image=&#8221;1107&#8243; img_size=&#8221;large&#8221; css=&#8221;&#8221;][\/vc_column][\/vc_row]","protected":false},"author":1,"featured_media":0,"parent":426,"menu_order":0,"comment_status":"closed","ping_status":"open","template":"","meta":{"footnotes":""},"class_list":["post-1098","page","type-page","status-publish","hentry"],"_links":{"self":[{"href":"https:\/\/santamariaesansiro.it\/web\/wp-json\/wp\/v2\/pages\/1098","targetHints":{"allow":["GET"]}}],"collection":[{"href":"https:\/\/santamariaesansiro.it\/web\/wp-json\/wp\/v2\/pages"}],"about":[{"href":"https:\/\/santamariaesansiro.it\/web\/wp-json\/wp\/v2\/types\/page"}],"author":[{"embeddable":true,"href":"https:\/\/santamariaesansiro.it\/web\/wp-json\/wp\/v2\/users\/1"}],"replies":[{"embeddable":true,"href":"https:\/\/santamariaesansiro.it\/web\/wp-json\/wp\/v2\/comments?post=1098"}],"version-history":[{"count":1,"href":"https:\/\/santamariaesansiro.it\/web\/wp-json\/wp\/v2\/pages\/1098\/revisions"}],"predecessor-version":[{"id":1112,"href":"https:\/\/santamariaesansiro.it\/web\/wp-json\/wp\/v2\/pages\/1098\/revisions\/1112"}],"up":[{"embeddable":true,"href":"https:\/\/santamariaesansiro.it\/web\/wp-json\/wp\/v2\/pages\/426"}],"wp:attachment":[{"href":"https:\/\/santamariaesansiro.it\/web\/wp-json\/wp\/v2\/media?parent=1098"}],"curies":[{"name":"wp","href":"https:\/\/api.w.org\/{rel}","templated":true}]}}