{"id":1181,"date":"2025-05-03T13:26:23","date_gmt":"2025-05-03T11:26:23","guid":{"rendered":"https:\/\/santamariaesansiro.it\/web\/?page_id=1181"},"modified":"2025-05-03T13:26:23","modified_gmt":"2025-05-03T11:26:23","slug":"mostra-arredi-e-paramenti-sacri-19-07-2019","status":"publish","type":"page","link":"https:\/\/santamariaesansiro.it\/web\/eventi\/archivio\/mostra-arredi-e-paramenti-sacri-19-07-2019\/","title":{"rendered":"Mostra arredi e paramenti sacri &#8211; 19.07.2019"},"content":{"rendered":"<div class=\"wpb-content-wrapper\"><p>[vc_row lg_spacing=&#8221;padding_top:50&#8243; md_spacing=&#8221;padding_top:30&#8243; sm_spacing=&#8221;padding_top:20&#8243;][vc_column][vc_column_text]Venerd\u00ec 19 luglio alle ore 18 si \u00e8 tenuta l&#8217;inaugurazione della mostra &#8220;Arredi e paramenti sacri in S. Maria e S. Siro&#8221;. La mostra ha fatto conoscere l&#8217;ampio corredo di capi liturgici della chiesa che datano dagli ultimi anni del 1600 alla met\u00e0 del 1900. Per la prima volta \u00e8 stata esposta anche la statua settecentesca del Ges\u00f9 fanciullo.<br \/>\nUn grazie all&#8217;Ufficio beni Culturali della nostra Diocesi per averci procurato il contatto con la dott.sa Maria Grazia di Natale, storica dell&#8217;Arte della Diocesi di Genova ed esperta di abiti liturgici, che ha catalogato i paramenti in mostra. [\/vc_column_text][\/vc_column][\/vc_row][vc_row][vc_column][vc_column_text css=&#8221;&#8221;]<span id=\"layout_shortcode\"><div class=\"grid-plus-container grid-69e2da89c4b0a attachment \"\n     id=\"69e2da89c4b0a\"\n     data-grid-name=\"Mostra Paramenti 2019\"\n     data-animation=\"fadeInUp\">\n    <div class=\"grid-stack-container grid-plus-inner\"\n         data-ajax-url=\"https:\/\/santamariaesansiro.it\/web\/wp-admin\/admin-ajax.php\"\n         data-grid-id=\"6815fdfcc6d0f\"\n         data-current-category=\"\"\n         data-section-id=\"69e2da89c4b0a\"\n         data-gutter=\"10\"\n         data-columns=\"5\"\n         data-height-ratio=\"1\"\n         data-width-ratio=\"1\"\n         data-desktop-columns=\"5\"\n         data-tablet-columns=\"2\"\n         data-mobile-columns=\"1\"\n         data-layout-type=\"grid\"\n         data-fix-item-height=\"false\"\n         data-nonce=\"a6b38af46e\"\n    >\n        \n        <div class=\"grid-stack grid-stack-5\" data-layout=\"grid\"\n             style=\"height: 1310px\">\n        <\/div>\n        <div class=\"grid-items\">\n                            <div class=\"item\" data-gs-x=\"0\"\n                     data-gs-y=\"0\"\n                     data-gs-width=\"1\"\n                     data-gs-height=\"33\"\n                     data-skin=\"thumbnail-icon-gallery\"\n\n                     data-desktop-gs-x=\"0\"\n                     data-desktop-gs-y=\"0\"\n                     data-desktop-gs-width=\"1\"\n                     data-desktop-gs-height=\"33\"\n                     data-desktop-skin=\"thumbnail-icon-gallery\"\n\n                     data-image-width=\"848\"\n                     data-image-height=\"1200\"\n                >\n                    <div class=\"grid-post-item thumbnail thumbnail-icon\" data-thumbnail-only=\"1\">\n    <div class=\"thumbnail-image\" data-img=\"https:\/\/santamariaesansiro.it\/web\/wp-content\/uploads\/2025\/05\/Mostra_Paramenti_2019_00-800x1200.jpg\">\n                    <img decoding=\"async\" src=\"https:\/\/santamariaesansiro.it\/web\/wp-content\/uploads\/2025\/05\/Mostra_Paramenti_2019_00-800x1200.jpg\" alt=\"Mostra_Paramenti_2019_00\" >\n                <div class=\"hover-outer transition-30\">\n                        <div class=\"hover-inner transition-50\">\n                <div class=\"icon-groups\">\n                    <a href=\"javascript:;\" class=\"view-gallery\" data-post-id=\"1191\" data-src=\"https:\/\/santamariaesansiro.it\/web\/wp-content\/uploads\/2025\/05\/Mostra_Paramenti_2019_00.jpg\"\n                       data-ajax-url=\"https:\/\/santamariaesansiro.it\/web\/wp-admin\/admin-ajax.php?_wpnonce=2d1beb8640\"><i class=\"fa fa-search\"><\/i><\/a>\n                <\/div>\n            <\/div>\n        <\/div>\n    <\/div>\n<\/div>\n                <\/div>\n                                <div class=\"item\" data-gs-x=\"1\"\n                     data-gs-y=\"0\"\n                     data-gs-width=\"1\"\n                     data-gs-height=\"33\"\n                     data-skin=\"thumbnail-icon-gallery\"\n\n                     data-desktop-gs-x=\"1\"\n                     data-desktop-gs-y=\"0\"\n                     data-desktop-gs-width=\"1\"\n                     data-desktop-gs-height=\"33\"\n                     data-desktop-skin=\"thumbnail-icon-gallery\"\n\n                     data-image-width=\"900\"\n                     data-image-height=\"1200\"\n                >\n                    <div class=\"grid-post-item thumbnail thumbnail-icon\" data-thumbnail-only=\"1\">\n    <div class=\"thumbnail-image\" data-img=\"https:\/\/santamariaesansiro.it\/web\/wp-content\/uploads\/2025\/05\/Mostra_Paramenti_2019_01-800x1200.jpg\">\n                    <img decoding=\"async\" src=\"https:\/\/santamariaesansiro.it\/web\/wp-content\/uploads\/2025\/05\/Mostra_Paramenti_2019_01-800x1200.jpg\" alt=\"Mostra_Paramenti_2019_01\" >\n                <div class=\"hover-outer transition-30\">\n                        <div class=\"hover-inner transition-50\">\n                <div class=\"icon-groups\">\n                    <a href=\"javascript:;\" class=\"view-gallery\" data-post-id=\"1183\" data-src=\"https:\/\/santamariaesansiro.it\/web\/wp-content\/uploads\/2025\/05\/Mostra_Paramenti_2019_01.jpg\"\n                       data-ajax-url=\"https:\/\/santamariaesansiro.it\/web\/wp-admin\/admin-ajax.php?_wpnonce=2d1beb8640\"><i class=\"fa fa-search\"><\/i><\/a>\n                <\/div>\n            <\/div>\n        <\/div>\n    <\/div>\n<\/div>\n                <\/div>\n                                <div class=\"item\" data-gs-x=\"2\"\n                     data-gs-y=\"0\"\n                     data-gs-width=\"1\"\n                     data-gs-height=\"33\"\n                     data-skin=\"thumbnail-icon-gallery\"\n\n                     data-desktop-gs-x=\"2\"\n                     data-desktop-gs-y=\"0\"\n                     data-desktop-gs-width=\"1\"\n                     data-desktop-gs-height=\"33\"\n                     data-desktop-skin=\"thumbnail-icon-gallery\"\n\n                     data-image-width=\"900\"\n                     data-image-height=\"1200\"\n                >\n                    <div class=\"grid-post-item thumbnail thumbnail-icon\" data-thumbnail-only=\"1\">\n    <div class=\"thumbnail-image\" data-img=\"https:\/\/santamariaesansiro.it\/web\/wp-content\/uploads\/2025\/05\/Mostra_Paramenti_2019_02-800x1200.jpg\">\n                    <img decoding=\"async\" src=\"https:\/\/santamariaesansiro.it\/web\/wp-content\/uploads\/2025\/05\/Mostra_Paramenti_2019_02-800x1200.jpg\" alt=\"Mostra_Paramenti_2019_02\" >\n                <div class=\"hover-outer transition-30\">\n                        <div class=\"hover-inner transition-50\">\n                <div class=\"icon-groups\">\n                    <a href=\"javascript:;\" class=\"view-gallery\" data-post-id=\"1184\" data-src=\"https:\/\/santamariaesansiro.it\/web\/wp-content\/uploads\/2025\/05\/Mostra_Paramenti_2019_02.jpg\"\n                       data-ajax-url=\"https:\/\/santamariaesansiro.it\/web\/wp-admin\/admin-ajax.php?_wpnonce=2d1beb8640\"><i class=\"fa fa-search\"><\/i><\/a>\n                <\/div>\n            <\/div>\n        <\/div>\n    <\/div>\n<\/div>\n                <\/div>\n                                <div class=\"item\" data-gs-x=\"3\"\n                     data-gs-y=\"0\"\n                     data-gs-width=\"1\"\n                     data-gs-height=\"33\"\n                     data-skin=\"thumbnail-icon-gallery\"\n\n                     data-desktop-gs-x=\"3\"\n                     data-desktop-gs-y=\"0\"\n                     data-desktop-gs-width=\"1\"\n                     data-desktop-gs-height=\"33\"\n                     data-desktop-skin=\"thumbnail-icon-gallery\"\n\n                     data-image-width=\"1200\"\n                     data-image-height=\"900\"\n                >\n                    <div class=\"grid-post-item thumbnail thumbnail-icon\" data-thumbnail-only=\"1\">\n    <div class=\"thumbnail-image\" data-img=\"https:\/\/santamariaesansiro.it\/web\/wp-content\/uploads\/2025\/05\/Mostra_Paramenti_2019_03-800x900.jpg\">\n                    <img decoding=\"async\" src=\"https:\/\/santamariaesansiro.it\/web\/wp-content\/uploads\/2025\/05\/Mostra_Paramenti_2019_03-800x900.jpg\" alt=\"Mostra_Paramenti_2019_03\" >\n                <div class=\"hover-outer transition-30\">\n                        <div class=\"hover-inner transition-50\">\n                <div class=\"icon-groups\">\n                    <a href=\"javascript:;\" class=\"view-gallery\" data-post-id=\"1185\" data-src=\"https:\/\/santamariaesansiro.it\/web\/wp-content\/uploads\/2025\/05\/Mostra_Paramenti_2019_03.jpg\"\n                       data-ajax-url=\"https:\/\/santamariaesansiro.it\/web\/wp-admin\/admin-ajax.php?_wpnonce=2d1beb8640\"><i class=\"fa fa-search\"><\/i><\/a>\n                <\/div>\n            <\/div>\n        <\/div>\n    <\/div>\n<\/div>\n                <\/div>\n                                <div class=\"item\" data-gs-x=\"4\"\n                     data-gs-y=\"0\"\n                     data-gs-width=\"1\"\n                     data-gs-height=\"33\"\n                     data-skin=\"thumbnail-icon-gallery\"\n\n                     data-desktop-gs-x=\"4\"\n                     data-desktop-gs-y=\"0\"\n                     data-desktop-gs-width=\"1\"\n                     data-desktop-gs-height=\"33\"\n                     data-desktop-skin=\"thumbnail-icon-gallery\"\n\n                     data-image-width=\"1200\"\n                     data-image-height=\"1200\"\n                >\n                    <div class=\"grid-post-item thumbnail thumbnail-icon\" data-thumbnail-only=\"1\">\n    <div class=\"thumbnail-image\" data-img=\"https:\/\/santamariaesansiro.it\/web\/wp-content\/uploads\/2025\/05\/Mostra_Paramenti_2019_04-800x1200.jpg\">\n                    <img decoding=\"async\" src=\"https:\/\/santamariaesansiro.it\/web\/wp-content\/uploads\/2025\/05\/Mostra_Paramenti_2019_04-800x1200.jpg\" alt=\"Mostra_Paramenti_2019_04\" >\n                <div class=\"hover-outer transition-30\">\n                        <div class=\"hover-inner transition-50\">\n                <div class=\"icon-groups\">\n                    <a href=\"javascript:;\" class=\"view-gallery\" data-post-id=\"1186\" data-src=\"https:\/\/santamariaesansiro.it\/web\/wp-content\/uploads\/2025\/05\/Mostra_Paramenti_2019_04.jpg\"\n                       data-ajax-url=\"https:\/\/santamariaesansiro.it\/web\/wp-admin\/admin-ajax.php?_wpnonce=2d1beb8640\"><i class=\"fa fa-search\"><\/i><\/a>\n                <\/div>\n            <\/div>\n        <\/div>\n    <\/div>\n<\/div>\n                <\/div>\n                                <div class=\"item\" data-gs-x=\"0\"\n                     data-gs-y=\"33\"\n                     data-gs-width=\"1\"\n                     data-gs-height=\"33\"\n                     data-skin=\"thumbnail-icon-gallery\"\n\n                     data-desktop-gs-x=\"0\"\n                     data-desktop-gs-y=\"33\"\n                     data-desktop-gs-width=\"1\"\n                     data-desktop-gs-height=\"33\"\n                     data-desktop-skin=\"thumbnail-icon-gallery\"\n\n                     data-image-width=\"1200\"\n                     data-image-height=\"1170\"\n                >\n                    <div class=\"grid-post-item thumbnail thumbnail-icon\" data-thumbnail-only=\"1\">\n    <div class=\"thumbnail-image\" data-img=\"https:\/\/santamariaesansiro.it\/web\/wp-content\/uploads\/2025\/05\/Mostra_Paramenti_2019_05-800x1170.jpg\">\n                    <img decoding=\"async\" src=\"https:\/\/santamariaesansiro.it\/web\/wp-content\/uploads\/2025\/05\/Mostra_Paramenti_2019_05-800x1170.jpg\" alt=\"Mostra_Paramenti_2019_05\" >\n                <div class=\"hover-outer transition-30\">\n                        <div class=\"hover-inner transition-50\">\n                <div class=\"icon-groups\">\n                    <a href=\"javascript:;\" class=\"view-gallery\" data-post-id=\"1187\" data-src=\"https:\/\/santamariaesansiro.it\/web\/wp-content\/uploads\/2025\/05\/Mostra_Paramenti_2019_05.jpg\"\n                       data-ajax-url=\"https:\/\/santamariaesansiro.it\/web\/wp-admin\/admin-ajax.php?_wpnonce=2d1beb8640\"><i class=\"fa fa-search\"><\/i><\/a>\n                <\/div>\n            <\/div>\n        <\/div>\n    <\/div>\n<\/div>\n                <\/div>\n                                <div class=\"item\" data-gs-x=\"1\"\n                     data-gs-y=\"33\"\n                     data-gs-width=\"1\"\n                     data-gs-height=\"33\"\n                     data-skin=\"thumbnail-icon-gallery\"\n\n                     data-desktop-gs-x=\"1\"\n                     data-desktop-gs-y=\"33\"\n                     data-desktop-gs-width=\"1\"\n                     data-desktop-gs-height=\"33\"\n                     data-desktop-skin=\"thumbnail-icon-gallery\"\n\n                     data-image-width=\"1200\"\n                     data-image-height=\"1200\"\n                >\n                    <div class=\"grid-post-item thumbnail thumbnail-icon\" data-thumbnail-only=\"1\">\n    <div class=\"thumbnail-image\" data-img=\"https:\/\/santamariaesansiro.it\/web\/wp-content\/uploads\/2025\/05\/Mostra_Paramenti_2019_06-800x1200.jpg\">\n                    <img decoding=\"async\" src=\"https:\/\/santamariaesansiro.it\/web\/wp-content\/uploads\/2025\/05\/Mostra_Paramenti_2019_06-800x1200.jpg\" alt=\"Mostra_Paramenti_2019_06\" >\n                <div class=\"hover-outer transition-30\">\n                        <div class=\"hover-inner transition-50\">\n                <div class=\"icon-groups\">\n                    <a href=\"javascript:;\" class=\"view-gallery\" data-post-id=\"1188\" data-src=\"https:\/\/santamariaesansiro.it\/web\/wp-content\/uploads\/2025\/05\/Mostra_Paramenti_2019_06.jpg\"\n                       data-ajax-url=\"https:\/\/santamariaesansiro.it\/web\/wp-admin\/admin-ajax.php?_wpnonce=2d1beb8640\"><i class=\"fa fa-search\"><\/i><\/a>\n                <\/div>\n            <\/div>\n        <\/div>\n    <\/div>\n<\/div>\n                <\/div>\n                                <div class=\"item\" data-gs-x=\"2\"\n                     data-gs-y=\"33\"\n                     data-gs-width=\"1\"\n                     data-gs-height=\"33\"\n                     data-skin=\"thumbnail-icon-gallery\"\n\n                     data-desktop-gs-x=\"2\"\n                     data-desktop-gs-y=\"33\"\n                     data-desktop-gs-width=\"1\"\n                     data-desktop-gs-height=\"33\"\n                     data-desktop-skin=\"thumbnail-icon-gallery\"\n\n                     data-image-width=\"675\"\n                     data-image-height=\"1200\"\n                >\n                    <div class=\"grid-post-item thumbnail thumbnail-icon\" data-thumbnail-only=\"1\">\n    <div class=\"thumbnail-image\" data-img=\"https:\/\/santamariaesansiro.it\/web\/wp-content\/uploads\/2025\/05\/Mostra_Paramenti_2019_07-675x800.jpg\">\n                    <img decoding=\"async\" src=\"https:\/\/santamariaesansiro.it\/web\/wp-content\/uploads\/2025\/05\/Mostra_Paramenti_2019_07-675x800.jpg\" alt=\"Mostra_Paramenti_2019_07\" >\n                <div class=\"hover-outer transition-30\">\n                        <div class=\"hover-inner transition-50\">\n                <div class=\"icon-groups\">\n                    <a href=\"javascript:;\" class=\"view-gallery\" data-post-id=\"1189\" data-src=\"https:\/\/santamariaesansiro.it\/web\/wp-content\/uploads\/2025\/05\/Mostra_Paramenti_2019_07.jpg\"\n                       data-ajax-url=\"https:\/\/santamariaesansiro.it\/web\/wp-admin\/admin-ajax.php?_wpnonce=2d1beb8640\"><i class=\"fa fa-search\"><\/i><\/a>\n                <\/div>\n            <\/div>\n        <\/div>\n    <\/div>\n<\/div>\n                <\/div>\n                                <div class=\"item\" data-gs-x=\"3\"\n                     data-gs-y=\"33\"\n                     data-gs-width=\"1\"\n                     data-gs-height=\"33\"\n                     data-skin=\"thumbnail-icon-gallery\"\n\n                     data-desktop-gs-x=\"3\"\n                     data-desktop-gs-y=\"33\"\n                     data-desktop-gs-width=\"1\"\n                     data-desktop-gs-height=\"33\"\n                     data-desktop-skin=\"thumbnail-icon-gallery\"\n\n                     data-image-width=\"1200\"\n                     data-image-height=\"1200\"\n                >\n                    <div class=\"grid-post-item thumbnail thumbnail-icon\" data-thumbnail-only=\"1\">\n    <div class=\"thumbnail-image\" data-img=\"https:\/\/santamariaesansiro.it\/web\/wp-content\/uploads\/2025\/05\/Mostra_Paramenti_2019_08-800x1200.jpg\">\n                    <img decoding=\"async\" src=\"https:\/\/santamariaesansiro.it\/web\/wp-content\/uploads\/2025\/05\/Mostra_Paramenti_2019_08-800x1200.jpg\" alt=\"Mostra_Paramenti_2019_08\" >\n                <div class=\"hover-outer transition-30\">\n                        <div class=\"hover-inner transition-50\">\n                <div class=\"icon-groups\">\n                    <a href=\"javascript:;\" class=\"view-gallery\" data-post-id=\"1190\" data-src=\"https:\/\/santamariaesansiro.it\/web\/wp-content\/uploads\/2025\/05\/Mostra_Paramenti_2019_08.jpg\"\n                       data-ajax-url=\"https:\/\/santamariaesansiro.it\/web\/wp-admin\/admin-ajax.php?_wpnonce=2d1beb8640\"><i class=\"fa fa-search\"><\/i><\/a>\n                <\/div>\n            <\/div>\n        <\/div>\n    <\/div>\n<\/div>\n                <\/div>\n                        <\/div>\n\n            <\/div>\n<\/div>\n<\/span>[\/vc_column_text][\/vc_column][\/vc_row]<\/p>\n<\/div>","protected":false},"excerpt":{"rendered":"[vc_row lg_spacing=&#8221;padding_top:50&#8243; md_spacing=&#8221;padding_top:30&#8243; sm_spacing=&#8221;padding_top:20&#8243;][vc_column][vc_column_text]Venerd\u00ec 19 luglio alle ore 18 si \u00e8 tenuta l&#8217;inaugurazione della mostra &#8220;Arredi e paramenti sacri in S. Maria e S. Siro&#8221;. La mostra ha fatto conoscere l&#8217;ampio corredo di capi liturgici della chiesa che datano dagli ultimi anni del 1600 alla met\u00e0 del 1900. Per la prima volta \u00e8 stata esposta anche la statua settecentesca del Ges\u00f9 fanciullo. Un grazie all&#8217;Ufficio beni Culturali della nostra Diocesi per averci procurato il contatto con la dott.sa Maria Grazia di Natale, storica dell&#8217;Arte della Diocesi di Genova ed esperta di abiti liturgici, che ha catalogato i paramenti in mostra. [\/vc_column_text][\/vc_column][\/vc_row][vc_row][vc_column][vc_column_text css=&#8221;&#8221;][\/vc_column_text][\/vc_column][\/vc_row]","protected":false},"author":1,"featured_media":0,"parent":426,"menu_order":0,"comment_status":"closed","ping_status":"open","template":"","meta":{"footnotes":""},"class_list":["post-1181","page","type-page","status-publish","hentry"],"_links":{"self":[{"href":"https:\/\/santamariaesansiro.it\/web\/wp-json\/wp\/v2\/pages\/1181","targetHints":{"allow":["GET"]}}],"collection":[{"href":"https:\/\/santamariaesansiro.it\/web\/wp-json\/wp\/v2\/pages"}],"about":[{"href":"https:\/\/santamariaesansiro.it\/web\/wp-json\/wp\/v2\/types\/page"}],"author":[{"embeddable":true,"href":"https:\/\/santamariaesansiro.it\/web\/wp-json\/wp\/v2\/users\/1"}],"replies":[{"embeddable":true,"href":"https:\/\/santamariaesansiro.it\/web\/wp-json\/wp\/v2\/comments?post=1181"}],"version-history":[{"count":1,"href":"https:\/\/santamariaesansiro.it\/web\/wp-json\/wp\/v2\/pages\/1181\/revisions"}],"predecessor-version":[{"id":1182,"href":"https:\/\/santamariaesansiro.it\/web\/wp-json\/wp\/v2\/pages\/1181\/revisions\/1182"}],"up":[{"embeddable":true,"href":"https:\/\/santamariaesansiro.it\/web\/wp-json\/wp\/v2\/pages\/426"}],"wp:attachment":[{"href":"https:\/\/santamariaesansiro.it\/web\/wp-json\/wp\/v2\/media?parent=1181"}],"curies":[{"name":"wp","href":"https:\/\/api.w.org\/{rel}","templated":true}]}}