{"id":1380,"date":"2025-10-05T19:05:12","date_gmt":"2025-10-05T17:05:12","guid":{"rendered":"https:\/\/santamariaesansiro.it\/web\/?page_id=1380"},"modified":"2025-10-05T19:05:12","modified_gmt":"2025-10-05T17:05:12","slug":"processione-per-la-festa-della-madonna-della-guardia-2025-29-08-2025","status":"publish","type":"page","link":"https:\/\/santamariaesansiro.it\/web\/eventi\/archivio\/processione-per-la-festa-della-madonna-della-guardia-2025-29-08-2025\/","title":{"rendered":"Processione per la festa della Madonna della Guardia 2025 &#8211; 29.08.2025"},"content":{"rendered":"<div class=\"wpb-content-wrapper\"><p>[vc_row lg_spacing=&#8221;padding_top:50&#8243; md_spacing=&#8221;padding_top:30&#8243; sm_spacing=&#8221;padding_top:20&#8243;][vc_column][vc_column_text css=&#8221;&#8221;]<\/p>\n<p data-start=\"130\" data-end=\"261\"><strong data-start=\"130\" data-end=\"259\">Alcune immagini della funzione religiosa e della processione per la festa della Madonna della Guardia, svoltasi il 29 agosto.<\/strong><\/p>\n<p data-start=\"263\" data-end=\"538\">Nonostante il tempo incerto, la partecipazione \u00e8 stata numerosa per una celebrazione particolarmente sentita dalla comunit\u00e0 salese.<br data-start=\"394\" data-end=\"397\" \/>Come ormai da tradizione, un momento di convivialit\u00e0 sul sagrato della chiesa ha concluso con calore e spirito di comunit\u00e0 le celebrazioni.<\/p>\n<p>[\/vc_column_text][\/vc_column][\/vc_row][vc_row][vc_column][vc_column_text css=&#8221;&#8221;]<div class=\"grid-plus-container grid-69e2dd23337a0 attachment \"\n     id=\"69e2dd23337a0\"\n     data-grid-name=\"Processione_2025\"\n     data-animation=\"fadeInUp\">\n    <div class=\"grid-stack-container grid-plus-inner\"\n         data-ajax-url=\"https:\/\/santamariaesansiro.it\/web\/wp-admin\/admin-ajax.php\"\n         data-grid-id=\"68e2a4bfc36f4\"\n         data-current-category=\"\"\n         data-section-id=\"69e2dd23337a0\"\n         data-gutter=\"10\"\n         data-columns=\"5\"\n         data-height-ratio=\"1\"\n         data-width-ratio=\"1\"\n         data-desktop-columns=\"5\"\n         data-tablet-columns=\"2\"\n         data-mobile-columns=\"1\"\n         data-layout-type=\"grid\"\n         data-fix-item-height=\"false\"\n         data-nonce=\"a6b38af46e\"\n    >\n        \n        <div class=\"grid-stack grid-stack-5\" data-layout=\"grid\"\n             style=\"height: 1310px\">\n        <\/div>\n        <div class=\"grid-items\">\n                            <div class=\"item\" data-gs-x=\"0\"\n                     data-gs-y=\"0\"\n                     data-gs-width=\"1\"\n                     data-gs-height=\"33\"\n                     data-skin=\"thumbnail-icon-gallery\"\n\n                     data-desktop-gs-x=\"0\"\n                     data-desktop-gs-y=\"0\"\n                     data-desktop-gs-width=\"1\"\n                     data-desktop-gs-height=\"33\"\n                     data-desktop-skin=\"thumbnail-icon-gallery\"\n\n                     data-image-width=\"900\"\n                     data-image-height=\"1200\"\n                >\n                    <div class=\"grid-post-item thumbnail thumbnail-icon\" data-thumbnail-only=\"1\">\n    <div class=\"thumbnail-image\" data-img=\"https:\/\/santamariaesansiro.it\/web\/wp-content\/uploads\/2025\/10\/processione_01-800x1200.jpg\">\n                    <img decoding=\"async\" src=\"https:\/\/santamariaesansiro.it\/web\/wp-content\/uploads\/2025\/10\/processione_01-800x1200.jpg\" alt=\"processione_01\" >\n                <div class=\"hover-outer transition-30\">\n                        <div class=\"hover-inner transition-50\">\n                <div class=\"icon-groups\">\n                    <a href=\"javascript:;\" class=\"view-gallery\" data-post-id=\"1377\" data-src=\"https:\/\/santamariaesansiro.it\/web\/wp-content\/uploads\/2025\/10\/processione_01.jpg\"\n                       data-ajax-url=\"https:\/\/santamariaesansiro.it\/web\/wp-admin\/admin-ajax.php?_wpnonce=2d1beb8640\"><i class=\"fa fa-search\"><\/i><\/a>\n                <\/div>\n            <\/div>\n        <\/div>\n    <\/div>\n<\/div>\n                <\/div>\n                                <div class=\"item\" data-gs-x=\"1\"\n                     data-gs-y=\"0\"\n                     data-gs-width=\"1\"\n                     data-gs-height=\"33\"\n                     data-skin=\"thumbnail-icon-gallery\"\n\n                     data-desktop-gs-x=\"1\"\n                     data-desktop-gs-y=\"0\"\n                     data-desktop-gs-width=\"1\"\n                     data-desktop-gs-height=\"33\"\n                     data-desktop-skin=\"thumbnail-icon-gallery\"\n\n                     data-image-width=\"900\"\n                     data-image-height=\"1200\"\n                >\n                    <div class=\"grid-post-item thumbnail thumbnail-icon\" data-thumbnail-only=\"1\">\n    <div class=\"thumbnail-image\" data-img=\"https:\/\/santamariaesansiro.it\/web\/wp-content\/uploads\/2025\/10\/processione_02-800x1200.jpg\">\n                    <img decoding=\"async\" src=\"https:\/\/santamariaesansiro.it\/web\/wp-content\/uploads\/2025\/10\/processione_02-800x1200.jpg\" alt=\"processione_02\" >\n                <div class=\"hover-outer transition-30\">\n                        <div class=\"hover-inner transition-50\">\n                <div class=\"icon-groups\">\n                    <a href=\"javascript:;\" class=\"view-gallery\" data-post-id=\"1378\" data-src=\"https:\/\/santamariaesansiro.it\/web\/wp-content\/uploads\/2025\/10\/processione_02.jpg\"\n                       data-ajax-url=\"https:\/\/santamariaesansiro.it\/web\/wp-admin\/admin-ajax.php?_wpnonce=2d1beb8640\"><i class=\"fa fa-search\"><\/i><\/a>\n                <\/div>\n            <\/div>\n        <\/div>\n    <\/div>\n<\/div>\n                <\/div>\n                                <div class=\"item\" data-gs-x=\"2\"\n                     data-gs-y=\"0\"\n                     data-gs-width=\"1\"\n                     data-gs-height=\"33\"\n                     data-skin=\"thumbnail-icon-gallery\"\n\n                     data-desktop-gs-x=\"2\"\n                     data-desktop-gs-y=\"0\"\n                     data-desktop-gs-width=\"1\"\n                     data-desktop-gs-height=\"33\"\n                     data-desktop-skin=\"thumbnail-icon-gallery\"\n\n                     data-image-width=\"900\"\n                     data-image-height=\"1200\"\n                >\n                    <div class=\"grid-post-item thumbnail thumbnail-icon\" data-thumbnail-only=\"1\">\n    <div class=\"thumbnail-image\" data-img=\"https:\/\/santamariaesansiro.it\/web\/wp-content\/uploads\/2025\/10\/processione_03-800x1200.jpg\">\n                    <img decoding=\"async\" src=\"https:\/\/santamariaesansiro.it\/web\/wp-content\/uploads\/2025\/10\/processione_03-800x1200.jpg\" alt=\"processione_03\" >\n                <div class=\"hover-outer transition-30\">\n                        <div class=\"hover-inner transition-50\">\n                <div class=\"icon-groups\">\n                    <a href=\"javascript:;\" class=\"view-gallery\" data-post-id=\"1379\" data-src=\"https:\/\/santamariaesansiro.it\/web\/wp-content\/uploads\/2025\/10\/processione_03.jpg\"\n                       data-ajax-url=\"https:\/\/santamariaesansiro.it\/web\/wp-admin\/admin-ajax.php?_wpnonce=2d1beb8640\"><i class=\"fa fa-search\"><\/i><\/a>\n                <\/div>\n            <\/div>\n        <\/div>\n    <\/div>\n<\/div>\n                <\/div>\n                        <\/div>\n\n            <\/div>\n<\/div>\n[\/vc_column_text][\/vc_column][\/vc_row]<\/p>\n<\/div>","protected":false},"excerpt":{"rendered":"[vc_row lg_spacing=&#8221;padding_top:50&#8243; md_spacing=&#8221;padding_top:30&#8243; sm_spacing=&#8221;padding_top:20&#8243;][vc_column][vc_column_text css=&#8221;&#8221;] Alcune immagini della funzione religiosa e della processione per la festa della Madonna della Guardia, svoltasi il 29 agosto. Nonostante il tempo incerto, la partecipazione \u00e8 stata numerosa per una celebrazione particolarmente sentita dalla comunit\u00e0 salese.Come ormai da tradizione, un momento di convivialit\u00e0 sul sagrato della chiesa ha concluso con calore e spirito di comunit\u00e0 le celebrazioni. [\/vc_column_text][\/vc_column][\/vc_row][vc_row][vc_column][vc_column_text css=&#8221;&#8221;][\/vc_column_text][\/vc_column][\/vc_row]","protected":false},"author":1,"featured_media":0,"parent":426,"menu_order":0,"comment_status":"closed","ping_status":"open","template":"","meta":{"footnotes":""},"class_list":["post-1380","page","type-page","status-publish","hentry"],"_links":{"self":[{"href":"https:\/\/santamariaesansiro.it\/web\/wp-json\/wp\/v2\/pages\/1380","targetHints":{"allow":["GET"]}}],"collection":[{"href":"https:\/\/santamariaesansiro.it\/web\/wp-json\/wp\/v2\/pages"}],"about":[{"href":"https:\/\/santamariaesansiro.it\/web\/wp-json\/wp\/v2\/types\/page"}],"author":[{"embeddable":true,"href":"https:\/\/santamariaesansiro.it\/web\/wp-json\/wp\/v2\/users\/1"}],"replies":[{"embeddable":true,"href":"https:\/\/santamariaesansiro.it\/web\/wp-json\/wp\/v2\/comments?post=1380"}],"version-history":[{"count":1,"href":"https:\/\/santamariaesansiro.it\/web\/wp-json\/wp\/v2\/pages\/1380\/revisions"}],"predecessor-version":[{"id":1381,"href":"https:\/\/santamariaesansiro.it\/web\/wp-json\/wp\/v2\/pages\/1380\/revisions\/1381"}],"up":[{"embeddable":true,"href":"https:\/\/santamariaesansiro.it\/web\/wp-json\/wp\/v2\/pages\/426"}],"wp:attachment":[{"href":"https:\/\/santamariaesansiro.it\/web\/wp-json\/wp\/v2\/media?parent=1380"}],"curies":[{"name":"wp","href":"https:\/\/api.w.org\/{rel}","templated":true}]}}